
{"id":88,"date":"2020-05-18T14:56:49","date_gmt":"2020-05-18T12:56:49","guid":{"rendered":"https:\/\/www.ecolelasource.ch\/defi-source\/?page_id=88"},"modified":"2025-02-12T11:58:45","modified_gmt":"2025-02-12T10:58:45","slug":"contact","status":"publish","type":"page","link":"https:\/\/www.ecolelasource.ch\/defi-source\/contact\/","title":{"rendered":"Contact"},"content":{"rendered":"<p style=\"text-align: left\">Vous avez des questions? Des suggestions?<br \/>\nL&rsquo;\u00e9quipe du D\u00e9fi Source est l\u00e0 pour vous:<\/p>\n<p><a class=\"fasc-button fasc-size-medium fasc-type-flat fasc-ico-before dashicons-email-alt\" style=\"background-color: #00a9e8;color: #ffffff\" href=\"javascript:DeCryptX('0s2k0l3d2d3C1f2e3r1m3h3o0a1t3r1v3u0c3h312e1i')\">\u00c9crivez-nous ici<\/a>&nbsp;<\/p>\n<p>&nbsp;<\/p>\n<p><strong><span id=\"sitebeaulieu\">Acc\u00e8s<\/span><\/strong><br \/>\nLe D\u00e9fi Source a lieu \u00e0 Beaulieu, dans les locaux de l&rsquo;Institut et Haute Ecole de la Sant\u00e9 La Source.<\/p>\n<ul>\n<li>En transports publics:<br \/>\nBus no 2 depuis la Riponne, arr\u00eat Beaulieu<br \/>\nBus no 21 depuis la gare, arr\u00eat Beaulieu<\/li>\n<\/ul>\n<ul>\n<li>En voiture:<br \/>\nLe parking de Beaulieu est \u00e0 proximit\u00e9.<br \/>\nAucune place de parc disponible \u00e0 La Source.<\/li>\n<\/ul>\n<p><img class=\"alignnone wp-image-2843 \" src=\"https:\/\/www.ecolelasource.ch\/defi-source\/wp-content\/uploads\/sites\/8\/2023\/01\/Plan-300x162.png\" alt=\"\" width=\"547\" height=\"295\" srcset=\"https:\/\/www.ecolelasource.ch\/defi-source\/wp-content\/uploads\/sites\/8\/2023\/01\/Plan-300x162.png 300w, https:\/\/www.ecolelasource.ch\/defi-source\/wp-content\/uploads\/sites\/8\/2023\/01\/Plan.png 600w\" sizes=\"(max-width: 547px) 100vw, 547px\" \/><\/p>\n<hr>\n","protected":false},"excerpt":{"rendered":"<p>Vous avez des questions? Des suggestions? L&rsquo;\u00e9quipe du D\u00e9fi Source est l\u00e0 pour vous: \u00c9crivez-nous ici&nbsp; &nbsp; Acc\u00e8s Le D\u00e9fi Source a lieu \u00e0 Beaulieu, dans les locaux de l&rsquo;Institut et Haute Ecole de la Sant\u00e9 La Source. En transports publics: Bus no 2 depuis la Riponne, arr\u00eat Beaulieu Bus no 21 depuis la gare, [&hellip;]<\/p>\n","protected":false},"author":13,"featured_media":0,"parent":0,"menu_order":13,"comment_status":"closed","ping_status":"closed","template":"","meta":[],"acf":[],"_links":{"self":[{"href":"https:\/\/www.ecolelasource.ch\/defi-source\/wp-json\/wp\/v2\/pages\/88"}],"collection":[{"href":"https:\/\/www.ecolelasource.ch\/defi-source\/wp-json\/wp\/v2\/pages"}],"about":[{"href":"https:\/\/www.ecolelasource.ch\/defi-source\/wp-json\/wp\/v2\/types\/page"}],"author":[{"embeddable":true,"href":"https:\/\/www.ecolelasource.ch\/defi-source\/wp-json\/wp\/v2\/users\/13"}],"replies":[{"embeddable":true,"href":"https:\/\/www.ecolelasource.ch\/defi-source\/wp-json\/wp\/v2\/comments?post=88"}],"version-history":[{"count":15,"href":"https:\/\/www.ecolelasource.ch\/defi-source\/wp-json\/wp\/v2\/pages\/88\/revisions"}],"predecessor-version":[{"id":2582,"href":"https:\/\/www.ecolelasource.ch\/defi-source\/wp-json\/wp\/v2\/pages\/88\/revisions\/2582"}],"wp:attachment":[{"href":"https:\/\/www.ecolelasource.ch\/defi-source\/wp-json\/wp\/v2\/media?parent=88"}],"curies":[{"name":"wp","href":"https:\/\/api.w.org\/{rel}","templated":true}]}}