
{"id":480,"date":"2021-01-11T08:58:30","date_gmt":"2021-01-11T07:58:30","guid":{"rendered":"https:\/\/www.ecolelasource.ch\/defi-source\/?page_id=480"},"modified":"2025-02-12T12:00:16","modified_gmt":"2025-02-12T11:00:16","slug":"devenir-partenaire","status":"publish","type":"page","link":"https:\/\/www.ecolelasource.ch\/defi-source\/partenaires\/devenir-partenaire\/","title":{"rendered":"Devenir partenaire"},"content":{"rendered":"<p>&nbsp;<\/p>\n<p><strong>S\u2019associer au D\u00e9fi Source 2025, c&rsquo;est:<\/strong><\/p>\n<ul>\n<li>Embarquer dans l\u2019aventure d&rsquo;un hackathon d\u00e9di\u00e9 \u00e0 l&rsquo;innovation dans les soins et la sant\u00e9<\/li>\n<li>Se positionner comme acteur de l\u2019innovation avec une institution dynamique et novatrice<\/li>\n<li>B\u00e9n\u00e9ficier d\u2019une visibilit\u00e9 institutionnelle et rayonner toute l\u2019ann\u00e9e 20235aupr\u00e8s du grand public, des m\u00e9dias, des d\u00e9cideurs et des professionnels de sant\u00e9<\/li>\n<li>Contribuer \u00e0 faire progresser la qualit\u00e9 et la s\u00e9curit\u00e9 des soins<\/li>\n<li>\u00catre partie prenante de l\u2019\u00e9laboration des enjeux en sant\u00e9 d\u2019aujourd\u2019hui et de demain<\/li>\n<\/ul>\n<h4>&nbsp;<\/h4>\n<h4><span style=\"color: #00a9e8\">Opportunit\u00e9s de collaboration<\/span><\/h4>\n<p>Selon vos besoins, vos id\u00e9es ou votre budget, plusieurs collaborations sont possibles :<\/p>\n<p>&#8211; avoir de la visibilit\u00e9 pendant les 2 mois de l&rsquo;\u00e9v\u00e9nement<\/p>\n<p>&#8211; remettre un prix au nom de votre entreprise<\/p>\n<p>&#8211; soutenir le prix du jury ou du public<\/p>\n<p>&#8211; accompagner des participants<\/p>\n<p>&#8211; participer \u00e0 un caf\u00e9-d\u00e9bat pour pr\u00e9senter votre activit\u00e9<\/p>\n<p>&#8211; autre prestation personnalis\u00e9e<\/p>\n<p style=\"text-align: left\">&nbsp;<br \/>\n<span style=\"color: #6e8ca8\">\ud83d\udc49 <\/span>Pour rejoindre le D\u00e9fi Source et d\u00e9finir ensemble la meilleure collaboration, contactez-nous:<\/p>\n<p style=\"text-align: left\"><a class=\"fasc-button fasc-size-medium fasc-type-flat fasc-ico-before dashicons-format-video\" style=\"background-color: #00a9e8;color: #ffffff\" href=\"javascript:DeCryptX('3v2k2n1b0b2B0e0c2q1m1f0l3d0s0o1v0r0c0e311d3k')\">Email<\/a><\/p>\n<hr>\n","protected":false},"excerpt":{"rendered":"<p>&nbsp; S\u2019associer au D\u00e9fi Source 2025, c&rsquo;est: Embarquer dans l\u2019aventure d&rsquo;un hackathon d\u00e9di\u00e9 \u00e0 l&rsquo;innovation dans les soins et la sant\u00e9 Se positionner comme acteur de l\u2019innovation avec une institution dynamique et novatrice B\u00e9n\u00e9ficier d\u2019une visibilit\u00e9 institutionnelle et rayonner toute l\u2019ann\u00e9e 20235aupr\u00e8s du grand public, des m\u00e9dias, des d\u00e9cideurs et des professionnels de sant\u00e9 Contribuer [&hellip;]<\/p>\n","protected":false},"author":13,"featured_media":0,"parent":516,"menu_order":0,"comment_status":"closed","ping_status":"closed","template":"","meta":[],"acf":[],"_links":{"self":[{"href":"https:\/\/www.ecolelasource.ch\/defi-source\/wp-json\/wp\/v2\/pages\/480"}],"collection":[{"href":"https:\/\/www.ecolelasource.ch\/defi-source\/wp-json\/wp\/v2\/pages"}],"about":[{"href":"https:\/\/www.ecolelasource.ch\/defi-source\/wp-json\/wp\/v2\/types\/page"}],"author":[{"embeddable":true,"href":"https:\/\/www.ecolelasource.ch\/defi-source\/wp-json\/wp\/v2\/users\/13"}],"replies":[{"embeddable":true,"href":"https:\/\/www.ecolelasource.ch\/defi-source\/wp-json\/wp\/v2\/comments?post=480"}],"version-history":[{"count":18,"href":"https:\/\/www.ecolelasource.ch\/defi-source\/wp-json\/wp\/v2\/pages\/480\/revisions"}],"predecessor-version":[{"id":4646,"href":"https:\/\/www.ecolelasource.ch\/defi-source\/wp-json\/wp\/v2\/pages\/480\/revisions\/4646"}],"up":[{"embeddable":true,"href":"https:\/\/www.ecolelasource.ch\/defi-source\/wp-json\/wp\/v2\/pages\/516"}],"wp:attachment":[{"href":"https:\/\/www.ecolelasource.ch\/defi-source\/wp-json\/wp\/v2\/media?parent=480"}],"curies":[{"name":"wp","href":"https:\/\/api.w.org\/{rel}","templated":true}]}}