
{"id":4467,"date":"2025-02-04T10:07:32","date_gmt":"2025-02-04T09:07:32","guid":{"rendered":"https:\/\/www.ecolelasource.ch\/defi-source\/?page_id=4467"},"modified":"2025-05-22T10:40:37","modified_gmt":"2025-05-22T08:40:37","slug":"description","status":"publish","type":"page","link":"https:\/\/www.ecolelasource.ch\/defi-source\/edition-2025\/description\/","title":{"rendered":"Description"},"content":{"rendered":"<p>&nbsp;<\/p>\n<p style=\"text-align: left\"><strong>Le D\u00e9fi Source 2025<\/strong><\/p>\n<p style=\"text-align: left\">C&rsquo;est un \u00e9v\u00e8nement collaboratif de type hackathon d\u00e9di\u00e9 aux soins et \u00e0 la sant\u00e9. Il permet de travailler pendant plusieurs jours et en \u00e9quipe sur une id\u00e9e ou un projet innovant et de gagner des prix.<span style=\"color: #e56240\">\u00a0<\/span>Tout le monde peut participer, en apportant une id\u00e9e, un projet,&#8230; ou en int\u00e9grant une \u00e9quipe.<\/p>\n<p>\u00c0 l&rsquo;issue du Pitch Day, 14 \u00e9quipes ont \u00e9t\u00e9 s\u00e9lectionn\u00e9es pour participer au Bootcamp et au D Day, la c\u00e9r\u00e9monie de cl\u00f4ture avec la remise des prix.<br \/>\nVous pouvez d\u00e9couvrir les <span style=\"color: #00a9e8\"><a style=\"color: #00a9e8\" href=\"https:\/\/www.ecolelasource.ch\/defi-source\/edition-2025\/finalistes\/\" target=\"_blank\" rel=\"noopener\">14 projets finalistes ici.<\/a><\/span><\/p>\n<p>&nbsp;<\/p>\n<p><strong>Le D\u00e9fi Source, c&rsquo;est aussi l&rsquo;opportunit\u00e9 de:<\/strong><br \/>\n&#8211; gagner de <span style=\"text-decoration: underline\"><a href=\"https:\/\/www.ecolelasource.ch\/defi-source\/edition-2025\/prix\/\" target=\"_blank\" rel=\"noopener\"><span style=\"color: #00a9e8;text-decoration: underline\">magnifiques prix<\/span><\/a><\/span> pour d\u00e9velopper le projet au-del\u00e0 de l&rsquo;\u00e9v\u00e9nement<br \/>\n&#8211; profiter d\u2019un<span style=\"color: #00a9e8\"> bootcamp d\u2019une valeur de CHF 10\u2019000<\/span> par \u00e9quipe<br \/>\n&#8211; participer \u00e0 des <span style=\"color: #6e8ca8\"><span style=\"color: #00a9e8\">webinaires gratuits\u00a0<\/span><\/span><br \/>\n&#8211; acqu\u00e9rir une boite \u00e0 outils en gestion de projets innovants<br \/>\n&#8211; acc\u00e9der \u00e0 un r\u00e9seau d&rsquo;experts et de professionnels<br \/>\n&#8211; former une \u00e9quipe autour d&rsquo;un sujet qui vous tient \u00e0 c\u0153ur<br \/>\n&#8211; trouver des investisseurs<\/p>\n<p>Le D\u00e9fi Source c\u2019est tout cela !<br \/>\nC\u2019est aussi et surtout l\u2019occasion vivre une belle aventure humaine et de s\u2019amuser en travaillant \ud83e\udd17<\/p>\n<p>&nbsp;<\/p>\n<p><strong>Le planning de l\u2019\u00e9v\u00e9nement avec les \u00e9tapes cl\u00e9s 2025 est <a href=\"https:\/\/www.ecolelasource.ch\/defi-source\/edition-2025\/dates-et-programme-2025\/\" target=\"_blank\" rel=\"noopener\"><span style=\"text-decoration: underline\"><span style=\"color: #00a9e8;text-decoration: underline\">disponible ici<\/span><\/span>.<\/a><\/strong><\/p>\n<p>&nbsp;<\/p>\n<p>&nbsp;<\/p>\n<p style=\"text-align: center\"><img class=\"alignnone wp-image-4627\" src=\"https:\/\/www.ecolelasource.ch\/defi-source\/wp-content\/uploads\/sites\/8\/2025\/02\/DS25_temoignage2023-300x169.png\" alt=\"\" width=\"874\" height=\"492\" srcset=\"https:\/\/www.ecolelasource.ch\/defi-source\/wp-content\/uploads\/sites\/8\/2025\/02\/DS25_temoignage2023-300x169.png 300w, https:\/\/www.ecolelasource.ch\/defi-source\/wp-content\/uploads\/sites\/8\/2025\/02\/DS25_temoignage2023-1024x576.png 1024w, https:\/\/www.ecolelasource.ch\/defi-source\/wp-content\/uploads\/sites\/8\/2025\/02\/DS25_temoignage2023-768x432.png 768w, https:\/\/www.ecolelasource.ch\/defi-source\/wp-content\/uploads\/sites\/8\/2025\/02\/DS25_temoignage2023-1536x864.png 1536w, https:\/\/www.ecolelasource.ch\/defi-source\/wp-content\/uploads\/sites\/8\/2025\/02\/DS25_temoignage2023-2048x1152.png 2048w, https:\/\/www.ecolelasource.ch\/defi-source\/wp-content\/uploads\/sites\/8\/2025\/02\/DS25_temoignage2023-767x431.png 767w\" sizes=\"(max-width: 874px) 100vw, 874px\" \/><\/p>\n<p>&nbsp;<\/p>\n<p>&nbsp;<\/p>\n","protected":false},"excerpt":{"rendered":"<p>&nbsp; Le D\u00e9fi Source 2025 C&rsquo;est un \u00e9v\u00e8nement collaboratif de type hackathon d\u00e9di\u00e9 aux soins et \u00e0 la sant\u00e9. Il permet de travailler pendant plusieurs jours et en \u00e9quipe sur une id\u00e9e ou un projet innovant et de gagner des prix.\u00a0Tout le monde peut participer, en apportant une id\u00e9e, un projet,&#8230; ou en int\u00e9grant une [&hellip;]<\/p>\n","protected":false},"author":13,"featured_media":0,"parent":4466,"menu_order":1,"comment_status":"closed","ping_status":"closed","template":"","meta":[],"acf":[],"_links":{"self":[{"href":"https:\/\/www.ecolelasource.ch\/defi-source\/wp-json\/wp\/v2\/pages\/4467"}],"collection":[{"href":"https:\/\/www.ecolelasource.ch\/defi-source\/wp-json\/wp\/v2\/pages"}],"about":[{"href":"https:\/\/www.ecolelasource.ch\/defi-source\/wp-json\/wp\/v2\/types\/page"}],"author":[{"embeddable":true,"href":"https:\/\/www.ecolelasource.ch\/defi-source\/wp-json\/wp\/v2\/users\/13"}],"replies":[{"embeddable":true,"href":"https:\/\/www.ecolelasource.ch\/defi-source\/wp-json\/wp\/v2\/comments?post=4467"}],"version-history":[{"count":10,"href":"https:\/\/www.ecolelasource.ch\/defi-source\/wp-json\/wp\/v2\/pages\/4467\/revisions"}],"predecessor-version":[{"id":5271,"href":"https:\/\/www.ecolelasource.ch\/defi-source\/wp-json\/wp\/v2\/pages\/4467\/revisions\/5271"}],"up":[{"embeddable":true,"href":"https:\/\/www.ecolelasource.ch\/defi-source\/wp-json\/wp\/v2\/pages\/4466"}],"wp:attachment":[{"href":"https:\/\/www.ecolelasource.ch\/defi-source\/wp-json\/wp\/v2\/media?parent=4467"}],"curies":[{"name":"wp","href":"https:\/\/api.w.org\/{rel}","templated":true}]}}