
{"id":4142,"date":"2023-05-15T17:10:21","date_gmt":"2023-05-15T15:10:21","guid":{"rendered":"https:\/\/www.ecolelasource.ch\/defi-source\/?page_id=4142"},"modified":"2023-05-16T09:42:22","modified_gmt":"2023-05-16T07:42:22","slug":"innosuisse-2","status":"publish","type":"page","link":"https:\/\/www.ecolelasource.ch\/defi-source\/innosuisse-2\/","title":{"rendered":"Innosuisse"},"content":{"rendered":"<p>Le D\u00e9fi Source appartient au &#171;Networking Event Series&#187; powered by Innosuisse que nous remercions chaleureusement pour leur confiance et soutien, en s&rsquo;engageant pour la seconde fois \u00e0 nos c\u00f4t\u00e9s dans ce magnifique \u00e9v\u00e9nement.<\/p>\n<p>Les \u00abNetworking Event Series\u00bb sont des s\u00e9ries d\u2019\u00e9v\u00e9nements soutenus par Innosuisse qui rassemblent <span style=\"font-weight: inherit\">des esprits novateurs issus de la recherche, de l\u2019\u00e9conomie et de la soci\u00e9t\u00e9, pour \u00e9changer sur de nouvelles id\u00e9es, technologies, applications et possibilit\u00e9s commerciales. <\/span>Ils rapprochent divers domaines, disciplines et comp\u00e9tences et stimulent des \u00e9changes actifs entre les participants. Leur caract\u00e8re r\u00e9current cr\u00e9e la continuit\u00e9 n\u00e9cessaire \u00e0 l\u2019\u00e9mergence de nouvelles \u00e9quipes d\u2019innovation et de nouveaux projets de coop\u00e9ration.<br \/>\nRetrouvez plus d&rsquo;informations sur ces \u00e9v\u00e9nements<a href=\"https:\/\/www.innosuisse.ch\/inno\/fr\/home.html\" target=\"_blank\" rel=\"noopener\"> ici<\/a><\/p>\n<p><a href=\"https:\/\/www.innosuisse.ch\/inno\/fr\/home.html\" target=\"_blank\" rel=\"noopener\"><img class=\"alignnone wp-image-4121\" src=\"https:\/\/www.ecolelasource.ch\/defi-source\/wp-content\/uploads\/sites\/8\/2023\/05\/Inno_carre-300x300.png\" alt=\"\" width=\"200\" height=\"200\" srcset=\"https:\/\/www.ecolelasource.ch\/defi-source\/wp-content\/uploads\/sites\/8\/2023\/05\/Inno_carre-300x300.png 300w, https:\/\/www.ecolelasource.ch\/defi-source\/wp-content\/uploads\/sites\/8\/2023\/05\/Inno_carre-200x200.png 200w, https:\/\/www.ecolelasource.ch\/defi-source\/wp-content\/uploads\/sites\/8\/2023\/05\/Inno_carre-40x40.png 40w, https:\/\/www.ecolelasource.ch\/defi-source\/wp-content\/uploads\/sites\/8\/2023\/05\/Inno_carre-60x60.png 60w, https:\/\/www.ecolelasource.ch\/defi-source\/wp-content\/uploads\/sites\/8\/2023\/05\/Inno_carre.png 505w\" sizes=\"(max-width: 200px) 100vw, 200px\" \/><\/a><\/p>\n<hr \/>\n<p>The D\u00e9fi Source is part of the &#171;Networking Event Series&#187; powered by Innosuisse.<br \/>\nWe thank them for their support and commitment to this event for a second time.<\/p>\n<p>Networking Event Series supported Series by Innosuisse bring together innvaotive minds from research, business and society. Together they develop new perspectives and stimulate new approaches to soutions. In this way, new communities of interest are created around an important innovation topic, which can develop and implement radical innovation ideas.<\/p>\n","protected":false},"excerpt":{"rendered":"<p>Le D\u00e9fi Source appartient au &#171;Networking Event Series&#187; powered by Innosuisse que nous remercions chaleureusement pour leur confiance et soutien, en s&rsquo;engageant pour la seconde fois \u00e0 nos c\u00f4t\u00e9s dans ce magnifique \u00e9v\u00e9nement. Les \u00abNetworking Event Series\u00bb sont des s\u00e9ries d\u2019\u00e9v\u00e9nements soutenus par Innosuisse qui rassemblent des esprits novateurs issus de la recherche, de l\u2019\u00e9conomie [&hellip;]<\/p>\n","protected":false},"author":2559,"featured_media":0,"parent":0,"menu_order":0,"comment_status":"closed","ping_status":"closed","template":"","meta":[],"acf":[],"_links":{"self":[{"href":"https:\/\/www.ecolelasource.ch\/defi-source\/wp-json\/wp\/v2\/pages\/4142"}],"collection":[{"href":"https:\/\/www.ecolelasource.ch\/defi-source\/wp-json\/wp\/v2\/pages"}],"about":[{"href":"https:\/\/www.ecolelasource.ch\/defi-source\/wp-json\/wp\/v2\/types\/page"}],"author":[{"embeddable":true,"href":"https:\/\/www.ecolelasource.ch\/defi-source\/wp-json\/wp\/v2\/users\/2559"}],"replies":[{"embeddable":true,"href":"https:\/\/www.ecolelasource.ch\/defi-source\/wp-json\/wp\/v2\/comments?post=4142"}],"version-history":[{"count":7,"href":"https:\/\/www.ecolelasource.ch\/defi-source\/wp-json\/wp\/v2\/pages\/4142\/revisions"}],"predecessor-version":[{"id":4175,"href":"https:\/\/www.ecolelasource.ch\/defi-source\/wp-json\/wp\/v2\/pages\/4142\/revisions\/4175"}],"wp:attachment":[{"href":"https:\/\/www.ecolelasource.ch\/defi-source\/wp-json\/wp\/v2\/media?parent=4142"}],"curies":[{"name":"wp","href":"https:\/\/api.w.org\/{rel}","templated":true}]}}