
{"id":3046,"date":"2023-03-24T12:31:38","date_gmt":"2023-03-24T11:31:38","guid":{"rendered":"https:\/\/www.ecolelasource.ch\/defi-source\/?page_id=3046"},"modified":"2023-05-22T11:32:02","modified_gmt":"2023-05-22T09:32:02","slug":"adoptemonprojet","status":"publish","type":"page","link":"https:\/\/www.ecolelasource.ch\/defi-source\/adoptemonprojet\/","title":{"rendered":"Nouveau programme &#171;Adopte mon Projet&#187;"},"content":{"rendered":"<p>Le D\u00e9fi Source 2023 s&rsquo;enrichit par rapport \u00e0 l&rsquo;\u00e9dition 2021 et se dote d&rsquo;un nouveau programme appel\u00e9 &#171;Adopte mon Projet&#187;.<\/p>\n<p>Les entreprises qui soutiennent ce programme b\u00e9n\u00e9ficient d&rsquo;une voix dans le jury des experts lors du Pitch Day et participent \u00e0 la s\u00e9lection des 12 \u00e9quipes retenues pour le Bootcamp.<\/p>\n<p>Elles b\u00e9n\u00e9ficient ensuite d&rsquo;un temps d&rsquo;\u00e9change avec les laur\u00e9ats. Chaque entreprise choisit ensuite une \u00e9quipe qu&rsquo;elle va &#171;adopter&#187;. Elle l&rsquo;aide alors et \u00e0 participer au d\u00e9veloppement du projet en int\u00e9grant dans l&rsquo;\u00e9quipe un collaborateur, pendant tout ou une partie du Bootcamp.<\/p>\n<p>&nbsp;<\/p>\n<p><img class=\"wp-image-3105 aligncenter\" src=\"https:\/\/www.ecolelasource.ch\/defi-source\/wp-content\/uploads\/sites\/8\/2023\/03\/Beige-Black-Geometric-Technology-LinkedIn-Banner-2-300x90.png\" alt=\"\" width=\"797\" height=\"239\" srcset=\"https:\/\/www.ecolelasource.ch\/defi-source\/wp-content\/uploads\/sites\/8\/2023\/03\/Beige-Black-Geometric-Technology-LinkedIn-Banner-2-300x90.png 300w, https:\/\/www.ecolelasource.ch\/defi-source\/wp-content\/uploads\/sites\/8\/2023\/03\/Beige-Black-Geometric-Technology-LinkedIn-Banner-2-1024x307.png 1024w, https:\/\/www.ecolelasource.ch\/defi-source\/wp-content\/uploads\/sites\/8\/2023\/03\/Beige-Black-Geometric-Technology-LinkedIn-Banner-2-768x230.png 768w, https:\/\/www.ecolelasource.ch\/defi-source\/wp-content\/uploads\/sites\/8\/2023\/03\/Beige-Black-Geometric-Technology-LinkedIn-Banner-2-1536x461.png 1536w, https:\/\/www.ecolelasource.ch\/defi-source\/wp-content\/uploads\/sites\/8\/2023\/03\/Beige-Black-Geometric-Technology-LinkedIn-Banner-2-767x230.png 767w, https:\/\/www.ecolelasource.ch\/defi-source\/wp-content\/uploads\/sites\/8\/2023\/03\/Beige-Black-Geometric-Technology-LinkedIn-Banner-2.png 2000w\" sizes=\"(max-width: 797px) 100vw, 797px\" \/><\/p>\n<p>&nbsp;<\/p>\n<p>Les entreprises qui participent au Programme 2023<br \/>\n<a href=\"https:\/\/www.adesso.ch\/fr\" target=\"_blank\" rel=\"noopener\"><img class=\"alignnone wp-image-3509 size-medium\" src=\"https:\/\/www.ecolelasource.ch\/defi-source\/wp-content\/uploads\/sites\/8\/2023\/04\/Adesso_carrev2-300x300.png\" alt=\"\" width=\"300\" height=\"300\" srcset=\"https:\/\/www.ecolelasource.ch\/defi-source\/wp-content\/uploads\/sites\/8\/2023\/04\/Adesso_carrev2-300x300.png 300w, https:\/\/www.ecolelasource.ch\/defi-source\/wp-content\/uploads\/sites\/8\/2023\/04\/Adesso_carrev2-200x200.png 200w, https:\/\/www.ecolelasource.ch\/defi-source\/wp-content\/uploads\/sites\/8\/2023\/04\/Adesso_carrev2-40x40.png 40w, https:\/\/www.ecolelasource.ch\/defi-source\/wp-content\/uploads\/sites\/8\/2023\/04\/Adesso_carrev2-60x60.png 60w, https:\/\/www.ecolelasource.ch\/defi-source\/wp-content\/uploads\/sites\/8\/2023\/04\/Adesso_carrev2.png 505w\" sizes=\"(max-width: 300px) 100vw, 300px\" \/><img class=\"alignnone size-medium wp-image-3708\" src=\"https:\/\/www.ecolelasource.ch\/defi-source\/wp-content\/uploads\/sites\/8\/2023\/04\/CSEM2-300x300.png\" alt=\"\" width=\"300\" height=\"300\" srcset=\"https:\/\/www.ecolelasource.ch\/defi-source\/wp-content\/uploads\/sites\/8\/2023\/04\/CSEM2-300x300.png 300w, https:\/\/www.ecolelasource.ch\/defi-source\/wp-content\/uploads\/sites\/8\/2023\/04\/CSEM2-200x200.png 200w, https:\/\/www.ecolelasource.ch\/defi-source\/wp-content\/uploads\/sites\/8\/2023\/04\/CSEM2-40x40.png 40w, https:\/\/www.ecolelasource.ch\/defi-source\/wp-content\/uploads\/sites\/8\/2023\/04\/CSEM2-60x60.png 60w, https:\/\/www.ecolelasource.ch\/defi-source\/wp-content\/uploads\/sites\/8\/2023\/04\/CSEM2.png 505w\" sizes=\"(max-width: 300px) 100vw, 300px\" \/><\/a><a href=\"https:\/\/www.debiotech.com\/\" target=\"_blank\" rel=\"noopener\"><img class=\"alignnone size-medium wp-image-3682\" src=\"https:\/\/www.ecolelasource.ch\/defi-source\/wp-content\/uploads\/sites\/8\/2023\/04\/Debio_Carre-300x300.png\" alt=\"\" width=\"300\" height=\"300\" srcset=\"https:\/\/www.ecolelasource.ch\/defi-source\/wp-content\/uploads\/sites\/8\/2023\/04\/Debio_Carre-300x300.png 300w, https:\/\/www.ecolelasource.ch\/defi-source\/wp-content\/uploads\/sites\/8\/2023\/04\/Debio_Carre-200x200.png 200w, https:\/\/www.ecolelasource.ch\/defi-source\/wp-content\/uploads\/sites\/8\/2023\/04\/Debio_Carre-40x40.png 40w, https:\/\/www.ecolelasource.ch\/defi-source\/wp-content\/uploads\/sites\/8\/2023\/04\/Debio_Carre-60x60.png 60w, https:\/\/www.ecolelasource.ch\/defi-source\/wp-content\/uploads\/sites\/8\/2023\/04\/Debio_Carre.png 505w\" sizes=\"(max-width: 300px) 100vw, 300px\" \/><\/a><\/p>\n<p>Les projets s\u00e9lectionn\u00e9s \u00e0 l&rsquo;issue du Pitch Day<strong><br \/>\n<\/strong><\/p>\n<ul>\n<li><a href=\"https:\/\/www.ecolelasource.ch\/defi-source\/12projets2023\/#chapter-1-des-pieds-et-des-mains\" target=\"_blank\" rel=\"noopener\">Des pieds et des mains<\/a>, adopt\u00e9 par Debiotech SA<\/li>\n<li><a href=\"https:\/\/www.ecolelasource.ch\/defi-source\/12projets2023\/#chapter-4-my-health-care\" target=\"_blank\" rel=\"noopener\">My Health Care<\/a>, adopt\u00e9 par adesso<\/li>\n<li><a href=\"https:\/\/www.ecolelasource.ch\/defi-source\/12projets2023\/#chapter-7-r-duire-le-stress-et-am-liorer-le-bien-tre-des-employ-s-de-la-sant-\" target=\"_blank\" rel=\"noopener\">R\u00e9duire le stress et am\u00e9liorer le bien-\u00eatre des employ\u00e9s de la Sant\u00e9<\/a>, adopt\u00e9 par csem<\/li>\n<\/ul>\n","protected":false},"excerpt":{"rendered":"<p>Le D\u00e9fi Source 2023 s&rsquo;enrichit par rapport \u00e0 l&rsquo;\u00e9dition 2021 et se dote d&rsquo;un nouveau programme appel\u00e9 &#171;Adopte mon Projet&#187;. Les entreprises qui soutiennent ce programme b\u00e9n\u00e9ficient d&rsquo;une voix dans le jury des experts lors du Pitch Day et participent \u00e0 la s\u00e9lection des 12 \u00e9quipes retenues pour le Bootcamp. Elles b\u00e9n\u00e9ficient ensuite d&rsquo;un temps [&hellip;]<\/p>\n","protected":false},"author":2559,"featured_media":0,"parent":0,"menu_order":0,"comment_status":"closed","ping_status":"closed","template":"","meta":[],"acf":[],"_links":{"self":[{"href":"https:\/\/www.ecolelasource.ch\/defi-source\/wp-json\/wp\/v2\/pages\/3046"}],"collection":[{"href":"https:\/\/www.ecolelasource.ch\/defi-source\/wp-json\/wp\/v2\/pages"}],"about":[{"href":"https:\/\/www.ecolelasource.ch\/defi-source\/wp-json\/wp\/v2\/types\/page"}],"author":[{"embeddable":true,"href":"https:\/\/www.ecolelasource.ch\/defi-source\/wp-json\/wp\/v2\/users\/2559"}],"replies":[{"embeddable":true,"href":"https:\/\/www.ecolelasource.ch\/defi-source\/wp-json\/wp\/v2\/comments?post=3046"}],"version-history":[{"count":10,"href":"https:\/\/www.ecolelasource.ch\/defi-source\/wp-json\/wp\/v2\/pages\/3046\/revisions"}],"predecessor-version":[{"id":4204,"href":"https:\/\/www.ecolelasource.ch\/defi-source\/wp-json\/wp\/v2\/pages\/3046\/revisions\/4204"}],"wp:attachment":[{"href":"https:\/\/www.ecolelasource.ch\/defi-source\/wp-json\/wp\/v2\/media?parent=3046"}],"curies":[{"name":"wp","href":"https:\/\/api.w.org\/{rel}","templated":true}]}}