
{"id":2560,"date":"2023-01-09T11:47:13","date_gmt":"2023-01-09T10:47:13","guid":{"rendered":"https:\/\/www.ecolelasource.ch\/defi-source\/?page_id=2560"},"modified":"2023-01-17T14:54:19","modified_gmt":"2023-01-17T13:54:19","slug":"presentation","status":"publish","type":"page","link":"https:\/\/www.ecolelasource.ch\/defi-source\/edition-2021\/presentation\/","title":{"rendered":"Pr\u00e9sentation"},"content":{"rendered":"<p>En 2021, en plein COVID-19, le challenge \u00e9tait grand d&rsquo;organiser un \u00e9v\u00e9nement d&rsquo;envergure d\u00e9di\u00e9 aux soins mais les participants ont r\u00e9pondu pr\u00e9sents. Avec 169 personnes inscrites, cette premi\u00e8re \u00e9dition sur le th\u00e8me de &#171;L&rsquo;avenir des soins est infirmiers&#187; fut un succ\u00e8s.<\/p>\n<p>&nbsp;<br \/>\n<strong>Trois axes d&rsquo;innovation<\/strong><br \/>\nEn 2021, les \u00e9quipes ont pu proposer des projets autour de trois sujets suivants:<br \/>\n&#8211; la continuit\u00e9 des soins<br \/>\n&#8211; l\u2019acc\u00e8s aux soins<br \/>\n&#8211; le maintien \u00e0 domicile<\/p>\n<p>&nbsp;<br \/>\n<strong>Le D\u00e9fi Source 2021 s\u2019est d\u00e9roul\u00e9 du 8 mars au 7 mai , en 4 \u00e9tapes:<\/strong><\/p>\n<p><img class=\"alignnone wp-image-1175\" src=\"https:\/\/www.ecolelasource.ch\/defi-source\/wp-content\/uploads\/sites\/8\/2021\/02\/DS21-Site-Page-Etapes_bleu_rogn\u00e9-300x106.png\" alt=\"\" width=\"490\" height=\"173\" srcset=\"https:\/\/www.ecolelasource.ch\/defi-source\/wp-content\/uploads\/sites\/8\/2021\/02\/DS21-Site-Page-Etapes_bleu_rogn\u00e9-300x106.png 300w, https:\/\/www.ecolelasource.ch\/defi-source\/wp-content\/uploads\/sites\/8\/2021\/02\/DS21-Site-Page-Etapes_bleu_rogn\u00e9-1024x362.png 1024w, https:\/\/www.ecolelasource.ch\/defi-source\/wp-content\/uploads\/sites\/8\/2021\/02\/DS21-Site-Page-Etapes_bleu_rogn\u00e9-768x271.png 768w, https:\/\/www.ecolelasource.ch\/defi-source\/wp-content\/uploads\/sites\/8\/2021\/02\/DS21-Site-Page-Etapes_bleu_rogn\u00e9-767x271.png 767w, https:\/\/www.ecolelasource.ch\/defi-source\/wp-content\/uploads\/sites\/8\/2021\/02\/DS21-Site-Page-Etapes_bleu_rogn\u00e9.png 1280w\" sizes=\"(max-width: 490px) 100vw, 490px\" \/><\/p>\n<ol>\n<li><strong>Lors du START<\/strong>, les participant\u00b7e\u00b7s ont pu soumettre leur id\u00e9e de solution ou adh\u00e9rer \u00e0 une \u00e9quipe porteuse d\u2019id\u00e9e sur une plateforme d\u00e9di\u00e9e.<\/li>\n<li><strong>Le PITCH DAY<\/strong> est consacr\u00e9 \u00e0 la pr\u00e9sentation des projets par la porteuse ou le porteur d\u2019id\u00e9e de l\u2019\u00e9quipe. 12 projets ont \u00e9t\u00e9 s\u00e9lectionn\u00e9s pour le BOOTCAMP.<\/li>\n<li><strong>Le BOOTCAMP<\/strong> durant lequel les \u00e9quipes ont d\u00e9velopp\u00e9 le week-end leur projet, cr\u00e9\u00e9 une maquette\/un prototype avec l\u2019aide de coachs expert\u00b7e\u00b7s. La semaine qui a suivi ils ont pu y apporter la touche finale gr\u00e2ce au travail d\u2019\u00e9quipe.<\/li>\n<li><strong>Le D DAY<\/strong>, les porteur\u00b7e\u00b7s d\u2019id\u00e9e ont pr\u00e9sent\u00e9 dans un live YouTube leur solution innovante au public et au jury. 8 prix ont \u00e9t\u00e9 remis dont celui du Public, attribu\u00e9 \u00e0 l\u2019\u00e9quipe qui a obtenu le plus de votes en ligne.<\/li>\n<\/ol>\n<p>&nbsp;<\/p>\n<p><a class=\"fasc-button fasc-size-medium fasc-type-flat\" style=\"background-color: #cf1421;color: #ffffff\" target=\"_blank\" rel=\"noopener\" href=\"https:\/\/www.youtube.com\/watch?v=H4Go5DRJoTE\">Voir la vid\u00e9o du D DAY<\/a><\/p>\n<p><a class=\"fasc-button fasc-size-medium fasc-type-flat\" style=\"background-color: #33809e;color: #ffffff\" href=\"https:\/\/www.ecolelasource.ch\/defi-source\/galeries\/2325\/\">Voir les photos du D DAY<\/a><\/p>\n<p><a class=\"fasc-button fasc-size-medium fasc-type-flat\" style=\"background-color: #33809e;color: #ffffff\" href=\"https:\/\/www.ecolelasource.ch\/defi-source\/galeries\/2325\/\">Voir les projets r\u00e9compens\u00e9s<\/a><\/p>\n<p>&nbsp;<\/p>\n<p><strong>En chiffres:<\/strong><\/p>\n<ul>\n<li>169 personnes inscrites, d&rsquo;horizons diff\u00e9rents (\u00e9tudiant\u2022e\u2022s ou professionnel\u2022le\u2022s, du domaine de la sant\u00e9 ou du social, en ing\u00e9nierie, en informatique, en design, en business, en communication, entrepreneur\u2022e\u2022s, b\u00e9n\u00e9ficiaire\u2022s de soins, proches aidant\u2022e\u2022s\u2026)<\/li>\n<li>48 id\u00e9es de solutions d\u00e9pos\u00e9es sur la plateforme d\u00e9di\u00e9e, durant la p\u00e9riode START<\/li>\n<li>28 id\u00e9es pr\u00e9sent\u00e9es au PITCH DAY. 12 s\u00e9lectionn\u00e9es pour le BOOTCAMP<\/li>\n<li>20 coachs expert\u00b7e\u00b7s sont intervenu\u00b7e\u00b7s durant l\u2019\u00e9tape de prototypage, de mod\u00e9lisation et de pr\u00e9paration au D DAY<\/li>\n<li>4 minutes par projet pour convaincre les 23 membres du jury d&rsquo;expert\u00b7e\u00b7s au D DAY<\/li>\n<li>672 personnes se sont connect\u00e9es au live sur YouTube<\/li>\n<li>644 votes en ligne pour le prix du Public<\/li>\n<li>6 \u00e9quipes se sont vues d\u00e9cerner les 8 prix du D\u00e9fi Source 2021<\/li>\n<\/ul>\n","protected":false},"excerpt":{"rendered":"<p>En 2021, en plein COVID-19, le challenge \u00e9tait grand d&rsquo;organiser un \u00e9v\u00e9nement d&rsquo;envergure d\u00e9di\u00e9 aux soins mais les participants ont r\u00e9pondu pr\u00e9sents. Avec 169 personnes inscrites, cette premi\u00e8re \u00e9dition sur le th\u00e8me de &#171;L&rsquo;avenir des soins est infirmiers&#187; fut un succ\u00e8s. &nbsp; Trois axes d&rsquo;innovation En 2021, les \u00e9quipes ont pu proposer des projets autour [&hellip;]<\/p>\n","protected":false},"author":2559,"featured_media":0,"parent":2436,"menu_order":2,"comment_status":"closed","ping_status":"closed","template":"","meta":[],"acf":[],"_links":{"self":[{"href":"https:\/\/www.ecolelasource.ch\/defi-source\/wp-json\/wp\/v2\/pages\/2560"}],"collection":[{"href":"https:\/\/www.ecolelasource.ch\/defi-source\/wp-json\/wp\/v2\/pages"}],"about":[{"href":"https:\/\/www.ecolelasource.ch\/defi-source\/wp-json\/wp\/v2\/types\/page"}],"author":[{"embeddable":true,"href":"https:\/\/www.ecolelasource.ch\/defi-source\/wp-json\/wp\/v2\/users\/2559"}],"replies":[{"embeddable":true,"href":"https:\/\/www.ecolelasource.ch\/defi-source\/wp-json\/wp\/v2\/comments?post=2560"}],"version-history":[{"count":10,"href":"https:\/\/www.ecolelasource.ch\/defi-source\/wp-json\/wp\/v2\/pages\/2560\/revisions"}],"predecessor-version":[{"id":2770,"href":"https:\/\/www.ecolelasource.ch\/defi-source\/wp-json\/wp\/v2\/pages\/2560\/revisions\/2770"}],"up":[{"embeddable":true,"href":"https:\/\/www.ecolelasource.ch\/defi-source\/wp-json\/wp\/v2\/pages\/2436"}],"wp:attachment":[{"href":"https:\/\/www.ecolelasource.ch\/defi-source\/wp-json\/wp\/v2\/media?parent=2560"}],"curies":[{"name":"wp","href":"https:\/\/api.w.org\/{rel}","templated":true}]}}