
{"id":103,"date":"2020-05-18T16:18:56","date_gmt":"2020-05-18T14:18:56","guid":{"rendered":"https:\/\/www.ecolelasource.ch\/defi-source\/?page_id=103"},"modified":"2023-01-18T14:34:17","modified_gmt":"2023-01-18T13:34:17","slug":"prix","status":"publish","type":"page","link":"https:\/\/www.ecolelasource.ch\/defi-source\/edition-2021\/prix\/","title":{"rendered":"Des r\u00e9compenses \u00e0 chaque \u00e9tape"},"content":{"rendered":"<p>En participant au D\u00e9fi Source, les \u00e9quipes s\u00e9lectionn\u00e9es ont pu voir leurs&nbsp;efforts r\u00e9compens\u00e9s \u00e0 plusieurs \u00e9tapes:<\/p>\n<p>&nbsp;<\/p>\n<p><strong>Au PITCH DAY<\/strong><br \/>\n28 porteuses et porteurs d&rsquo;id\u00e9e ont pr\u00e9sent\u00e9 leur projet au PITCH DAY.<br \/>\nLes 12 \u00e9quipes ayant re\u00e7u le plus de votes lors de cette journ\u00e9e ont \u00e9t\u00e9 s\u00e9lectionn\u00e9es et ont particip\u00e9&nbsp;au BOOTCAMP&nbsp;dont la <span style=\"color: #6e8ca8\">valeur est estim\u00e9e \u00e0 plus de CHF 10&rsquo;000.- par \u00e9quipe.<\/span><br \/>\nCette valeur comprend du coaching exclusif et sur mesure, l\u2019acc\u00e8s \u00e0 des expert\u00b7e\u00b7s autant en sant\u00e9 qu\u2019en innovation, l\u2019acc\u00e8s aux locaux de l&rsquo;<a href=\"https:\/\/www.ecolelasource.ch\/campus\/hopital-simule\/\" target=\"_blank\" rel=\"noopener noreferrer\">H\u00f4pital simul\u00e9<\/a>, la mise \u00e0 disposition de mat\u00e9riel d\u2019exp\u00e9rimentation.<\/p>\n<p>&nbsp;<\/p>\n<p><strong>Au D DAY<\/strong><br \/>\nTous les prix remis lors de la c\u00e9r\u00e9monie de cl\u00f4ture du D\u00e9fi Source ont donn\u00e9 aux laur\u00e9at\u00b7e\u00b7s les moyens n\u00e9cessaires pour transformer leur projet en une v\u00e9ritable solution qui fera la diff\u00e9rence sur le terrain.<\/p>\n<p><a class=\"fasc-button fasc-size-medium fasc-type-flat fasc-ico-before dashicons-awards\" style=\"background-color: #eb4b19;color: #ffffff\" target=\"_blank\" rel=\"noopener noreferrer\" href=\"https:\/\/www.ecolelasource.ch\/defi-source\/projets-recompenses\/\">Voir les laur\u00e9at\u00b7e\u00b7s<\/a><\/p>\n<p><a class=\"fasc-button fasc-size-medium fasc-type-flat fasc-ico-before dashicons-visibility\" style=\"background-color: #eb4b19;color: #ffffff\" target=\"_blank\" rel=\"noopener noreferrer\" href=\"https:\/\/www.ecolelasource.ch\/defi-source\/liste-des-prix\/\">Voir la liste des prix<\/a><\/p>\n<hr>\n<p><a href=\"http:\/\/www.innosuisse.ch\/networkingeventseries\"><img class=\"alignnone wp-image-1762\" src=\"https:\/\/www.ecolelasource.ch\/defi-source\/wp-content\/uploads\/sites\/8\/2021\/03\/TFV_Networking_Event_Series_Stempel_Kontur_rgb.png\" alt=\"\" width=\"120\" height=\"120\" srcset=\"https:\/\/www.ecolelasource.ch\/defi-source\/wp-content\/uploads\/sites\/8\/2021\/03\/TFV_Networking_Event_Series_Stempel_Kontur_rgb.png 3000w, https:\/\/www.ecolelasource.ch\/defi-source\/wp-content\/uploads\/sites\/8\/2021\/03\/TFV_Networking_Event_Series_Stempel_Kontur_rgb-300x300.png 300w, https:\/\/www.ecolelasource.ch\/defi-source\/wp-content\/uploads\/sites\/8\/2021\/03\/TFV_Networking_Event_Series_Stempel_Kontur_rgb-1024x1024.png 1024w, https:\/\/www.ecolelasource.ch\/defi-source\/wp-content\/uploads\/sites\/8\/2021\/03\/TFV_Networking_Event_Series_Stempel_Kontur_rgb-200x200.png 200w, https:\/\/www.ecolelasource.ch\/defi-source\/wp-content\/uploads\/sites\/8\/2021\/03\/TFV_Networking_Event_Series_Stempel_Kontur_rgb-768x768.png 768w, https:\/\/www.ecolelasource.ch\/defi-source\/wp-content\/uploads\/sites\/8\/2021\/03\/TFV_Networking_Event_Series_Stempel_Kontur_rgb-1536x1536.png 1536w, https:\/\/www.ecolelasource.ch\/defi-source\/wp-content\/uploads\/sites\/8\/2021\/03\/TFV_Networking_Event_Series_Stempel_Kontur_rgb-2048x2048.png 2048w, https:\/\/www.ecolelasource.ch\/defi-source\/wp-content\/uploads\/sites\/8\/2021\/03\/TFV_Networking_Event_Series_Stempel_Kontur_rgb-767x767.png 767w, https:\/\/www.ecolelasource.ch\/defi-source\/wp-content\/uploads\/sites\/8\/2021\/03\/TFV_Networking_Event_Series_Stempel_Kontur_rgb-40x40.png 40w, https:\/\/www.ecolelasource.ch\/defi-source\/wp-content\/uploads\/sites\/8\/2021\/03\/TFV_Networking_Event_Series_Stempel_Kontur_rgb-60x60.png 60w\" sizes=\"(max-width: 120px) 100vw, 120px\" \/><\/a><\/p>\n","protected":false},"excerpt":{"rendered":"<p>En participant au D\u00e9fi Source, les \u00e9quipes s\u00e9lectionn\u00e9es ont pu voir leurs&nbsp;efforts r\u00e9compens\u00e9s \u00e0 plusieurs \u00e9tapes: &nbsp; Au PITCH DAY 28 porteuses et porteurs d&rsquo;id\u00e9e ont pr\u00e9sent\u00e9 leur projet au PITCH DAY. Les 12 \u00e9quipes ayant re\u00e7u le plus de votes lors de cette journ\u00e9e ont \u00e9t\u00e9 s\u00e9lectionn\u00e9es et ont particip\u00e9&nbsp;au BOOTCAMP&nbsp;dont la valeur est [&hellip;]<\/p>\n","protected":false},"author":13,"featured_media":0,"parent":2436,"menu_order":6,"comment_status":"closed","ping_status":"closed","template":"","meta":[],"acf":[],"_links":{"self":[{"href":"https:\/\/www.ecolelasource.ch\/defi-source\/wp-json\/wp\/v2\/pages\/103"}],"collection":[{"href":"https:\/\/www.ecolelasource.ch\/defi-source\/wp-json\/wp\/v2\/pages"}],"about":[{"href":"https:\/\/www.ecolelasource.ch\/defi-source\/wp-json\/wp\/v2\/types\/page"}],"author":[{"embeddable":true,"href":"https:\/\/www.ecolelasource.ch\/defi-source\/wp-json\/wp\/v2\/users\/13"}],"replies":[{"embeddable":true,"href":"https:\/\/www.ecolelasource.ch\/defi-source\/wp-json\/wp\/v2\/comments?post=103"}],"version-history":[{"count":11,"href":"https:\/\/www.ecolelasource.ch\/defi-source\/wp-json\/wp\/v2\/pages\/103\/revisions"}],"predecessor-version":[{"id":2938,"href":"https:\/\/www.ecolelasource.ch\/defi-source\/wp-json\/wp\/v2\/pages\/103\/revisions\/2938"}],"up":[{"embeddable":true,"href":"https:\/\/www.ecolelasource.ch\/defi-source\/wp-json\/wp\/v2\/pages\/2436"}],"wp:attachment":[{"href":"https:\/\/www.ecolelasource.ch\/defi-source\/wp-json\/wp\/v2\/media?parent=103"}],"curies":[{"name":"wp","href":"https:\/\/api.w.org\/{rel}","templated":true}]}}